base 16?
-6725
661 (base 16) to base 2
11001100001
What is -111101100011011 (base 2) in base 12?
-162a3
Convert -20544 (base 7) to base 10.
-5079
Convert -24610 (base 8) to base 15.
-323c
What is 101001010 (base 2) in base 4?
11022
What is -25942 (base 10) in base 4?
-12111112
What is -9301 (base 14) in base 8?
-61305
What is 10350 (base 11) in base 9?
22582
Convert -3244 (base 8) to base 9.
-2288
What is -1565 (base 11) in base 5?
-31012
Convert 32676 (base 12) to base 8.
202072
Convert -a8 (base 14) to base 13.
-b5
What is 25035 (base 6) in base 16?
e6f
Convert 1400 (base 14) to base 13.
17b5
111c (base 14) to base 9
4055
-1130 (base 4) to base 2
-1011100
4340 (base 5) to base 10
595
Convert 33320 (base 5) to base 15.
a5a
10068 (base 10) to base 13
4776
Convert -4ec (base 15) to base 2.
-10001100010
-2526 (base 12) to base 4
-1001232
Convert -112020111 (base 3) to base 10.
-10381
What is 2806 (base 14) in base 15?
215c
What is 6055 (base 11) in base 10?
8046
Convert -4144 (base 5) to base 2.
-1000100101
Convert 9247 (base 12) to base 7.
64225
What is bdc (base 15) in base 9?
3610
-2c53 (base 13) to base 8
-14532
What is -102000 (base 3) in base 9?
-360
Convert -1124 (base 10) to base 7.
-3164
Convert 2013323 (base 4) to base 8.
20773
What is -604 (base 8) in base 3?
-112101
What is -72d (base 14) in base 4?
-112011
What is 354035 (base 6) in base 14?
b287
What is 142 (base 8) in base 11?
8a
-3606 (base 8) to base 13
-b52
2639 (base 10) to base 6
20115
-10022 (base 4) to base 14
-150
Convert -4332 (base 5) to base 4.
-21100
What is -1116 (base 7) in base 10?
-405
140323 (base 5) to base 12
3381
Convert -84 (base 15) to base 3.
-11121
12b91 (base 12) to base 15
7a0a
Convert 146 (base 14) to base 7.
516
Convert 3622 (base 10) to base 7.
13363
What is 1557 (base 10) in base 5?
22212
Convert 1bc3 (base 13) to base 6.
31303
What is -150c (base 14) in base 15?
-1191
What is -101101100000000 (base 2) in base 10?
-23296
Convert -20122010 (base 3) to base 9.
-6563
What is 33540 (base 6) in base 2?
1001010000100
Convert -278 (base 15) to base 5.
-4223
-161 (base 15) to base 16
-13c
What is 30012312 (base 4) in base 3?
2112000200
What is 6329 (base 10) in base 5?
200304
What is 1754 (base 8) in base 6?
4352
Convert -323044 (base 6) to base 11.
-18a89
What is 5557 (base 12) in base 3?
110221011
What is 103414 (base 5) in base 15?
1109
1022110 (base 4) to base 7
16603
Convert 944c (base 16) to base 15.
b3ae
What is -10816 (base 14) in base 9?
-60778
Convert 1001011111 (base 2) to base 11.
502
-2188 (base 10) to base 16
-88c
-1100111101111 (base 2) to base 5
-203024
What is -12212 (base 3) in base 13?
-c2
What is 4730 (base 8) in base 16?
9d8
Convert 1040 (base 5) to base 11.
122
Convert -30000 (base 4) to base 16.
-300
-1001011101000 (base 2) to base 13
-2284
Convert 1100101100110010 (base 2) to base 7.
304441
Convert 10113 (base 4) to base 16.
117
Convert -122011121 (base 3) to base 6.
-133541
Convert -684 (base 11) to base 7.
-2246
Convert -11234 (base 5) to base 4.
-30303
1003 (base 11) to base 15
5de
13 (base 7) to base 5
20
What is -45bb (base 13) in base 14?
-37d1
Convert 11011100 (base 2) to base 16.
dc
What is -174 (base 9) in base 2?
-10010100
What is -1101311 (base 4) in base 5?
-131422
2422231 (base 5) to base 4
23010010
Convert -271 (base 8) to base 3.
-20212
Convert 521 (base 11) to base 6.
2524
Convert 2022 (base 6) to base 7.
1205
5b7b (base 12) to base 2
10100001001111
What is -1494 (base 11) in base 12?
-113a
-2a09a (base 12) to base 3
-2222202101
1514 (base 6) to base 4
12112
What is 149a (base 11) in base 9?
2567
-1021 (base 5) to base 6
-344
Convert 1010351 (base 6) to base 4.
23233123
Convert 302 (base 6) to base 12.
92
1119 (base 15) to base 9
4866
1dd3b (base 14) to base 13
28ba2
What is -a7c8 (base 13) in base 2?
-101101100010101
Convert -1001202 (base 5) to base 12.
-918a
-22221000 (base 3) to base 9
-8830
What is 1840 (base 12) in base 14?
10d2
Convert -1100110010 (base 2) to base 3.
-1010022
Convert 2ab8 (base 12) to base 16.
13ac
1000010102 (base 3) to base 8
46477
What is 10100110110 (base 2) in base 4?
110312
102011001 (base 3) to base 4
1333000
What is -38 (base 14) in base 7?
-101
Convert 32266 (base 9) to base 7.
116166
What is -55540 (base 6) in base 13?
-36c3
What is -276 (base 9) in base 4?
-3213
10514 (base 6) to base 10
1486
-2056 (base 7) to base 6
-3211
Convert -4214 (base 6) to base 14.
-4b8
Convert 110022221 (base 3) to base 2.
10001100011101
What is -54005 (base 6) in base 13?
-3464
What is 209 (base 13) in base 10?
347
What is -2204123 (base 5) in base 15?
-b40d
Convert -1130 (base 4) to base 2.
-1011100
-10002 (base 5) to base 3
-212020
What is -99 (base 10) in base 8?
-143
-123031 (base 4) to base 13
-a3c
-3121 (base 4) to base 16
-d9
Convert -1866 (base 9) to base 3.
-1222020
-11297 (base 11) to base 8
-37700
-133112 (base 4) to base 7
-5564
Convert 5025 (base 10) to base 5.
130100
Convert 5212 (base 9) to base 16.
eea
Convert 302000 (base 4) to base 3.
11101112
-2140 (base 11) to base 14
-105d
Convert -1241 (base 7) to base 13.
-2a2
Convert -210211 (base 3) to base 16.
-24d
What is -1654 (base 7) in base 8?
-1244
-121414 (base 5) to base 10
-4609
Convert -384 (base 13) to base 11.
-50a
100121 (base 3) to base 7
520
What is -463 (base 10) in base 11?
-391
What is 304144 (base 5) in base 6?
113540
73c8 (base 13) to base 11
11071
What is 220164 (base 7) in base 12?
1a353
What is -121125 (base 7) in base 13?
-a03b
917 (base 15) to base 11
15a1
Convert -141 (base 9) to base 8.
-166
Convert -321325 (base 6) to base 15.
-7bab
What is 113b (base 12) in base 7?
5411
717 (base 14) to base 16
571
-2c7 (base 14) to base 13
-348
-95 (base 12) to base 7
-221
100011001101 (base 2) to base 16
8cd
What is -1da (base 16) in base 11?
-3a1
What is 56404 (base 7) in base 16?
37b7
What is -477 (base 11) in base 3?
-210001
222241 (base 5) to base 4
1322031
50016 (base 9) to base 13
11c28
Convert -133275 (base 8) to base 10.
-46781
110101011 (base 2) to base 10
427
-13 (base 5) to base 6
-12
Convert -105 (base 10) to base 4.
-1221
What is -164 (base 8) in base 12?
-98
What is -380 (base 13) in base 5?
-4421
221340 (base 5) to base 4
1320220
Convert 5669 (base 11) to base 7.
30511
Convert -9391 (base 11) to base 9.
-18054
-30415 (base 6) to base 7
-14534
What is 10211023 (base 4) in base 11?
13108
What is -71d9 (base 15) in base 6?
-303210
Convert -7a3 (base 16) to base 5.
-30310
8713 (base 9) to base 13
2bc2
What is -1231 (base 12) in base 10?
-2053
What is -145270 (base 8) in base 4?
-30222320
-c7c (base 15) to base 11
-2131
What is 6041 (base 10) in base 4?
1132121
-21337 (base 9) to base 8
-33460
Convert -10321 (base 8) to base 13.
-1c62
What is -3747 (base 9) in base 5?
-42142
What is -ea7 (base 15) in base 14?
-12c3
What is -17779 (base 10) in base 16?
-4573
Convert -12442 (base 7) to base 5.
-101223
Convert -11303 (base 5) to base 4.
-30330
What is 23151 (base 11) in base 14?
c296
Convert -10110001001100 (base 2) to base 4.
-2301030
What is -102030 (base 4) in base 6?
-5220
Convert 12332 (base 5) to base 4.
33013
What is -10100101011 (base 2) in base 9?
-1730
-4f5 (base 16) to base 13
-768
What is -130035 (base 6) in base 9?
-17025
-2524 (base 13) to base 3
-21020011
Convert -130201 (base 4) to base 14.
-945
What is -7241 (base 9) in base 13?
-254b
Convert 2b5 (base 12) to base 16.
1a9
Convert -246615 (base 7) to base 3.
-2022112020
Convert 43 (base 7) to base 5.
111
Convert -2873 (base 14) to base 11.
-5417
Convert -1220112202 (base 3) to base 4.
-21023021
Convert 201 (base 6) to base 7.
133
-102001 (base 3) to base 15
-14d
What is 552 (base 8) in base 4?
11222
-12465 (base 13) to base 14
-c402
Convert -1010 (base 6) to base 7.
-435
What is -b7b (base 12) in base 6?
-11435
-e3 (base 15) to base 12
-159
What is -314341 (base 6) in base 16?
-6415
12 (base 14) to base 13
13
8666 (base 9) to base 15
1d53
-26f (base 16) to base 12
-43b
-2330 (base 6) to base 5
-4213
Convert 32464 (base 7) to base 3.
102011011
What is 1337 (base 10) in base 2?
10100111001
What is -1739 (base 12) in base 6?
-20513
What is -101010111101 (base 2) in base 16?
-abd
What is 2e22 (base 15) in base 4?
2123030
What is 5661 (base 10) in base 6?
42113
C